 l(-3).
6
Suppose -4*r + 15 + 25 = 0. Let g be (4/r)/((-1)/(-10)). Let k(b) = g - b + 4*b + 0. Calculate k(-3).
-5
Let o(g) = g**3 + g**2 - 2*g + 2. Let k be o(3). Suppose -q - 3*r + 7 = -2*r, 4*q = -5*r + k. Let i(y) = -y**3 + 3*y**2 + 4*y - 1. What is i(q)?
11
Suppose -4 = 6*u - 4*u. Let b(x) = 3*x + 0*x + 1 - 4*x**2 + 8*x**2 + x**3. Calculate b(u).
3
Let d(j) = -3 - 17*j**2 + 6*j + j**3 + 26*j**2 - 4. Determine d(-8).
9
Let u(m) be the third derivative of m**6/120 - m**5/12 + m**4/6 - m**2. Let z be 2/(-7) + 23/7. Suppose -z*o + 12 = o. Give u(o).
-6
Let t(f) = -f**2 + 14*f - 18. Let z be t(12). Let x(w) = -w**3 + 7*w**2 - 4*w - 8. Calculate x(z).
4
Let o(t) be the third derivative of t**5/60 - t**4/4 + 3*t**3/2 + 2*t**2. What is o(6)?
9
Let n(q) = -6*q + 6. Let k(o) be the third derivative of o**4/24 - o**3/6 + 3*o**2. Let f(g) = -5*k(g) - n(g). What is f(-3)?
-4
Suppose -n - 6 = -11. Let t(c) be the first derivative of c**2/2 - 7*c + 13. Calculate t(n).
-2
Let s(r) = -r**2 - 4*r + 5. Let h(k) = k**2 - 3*k - 16. Let z be h(5). Determine s(z).
-7
Let y(x) be the second derivative of -x**3/6 - x**2 - x. Let i = -3 + 0. Let n = 1 + i. Determine y(n).
0
Suppose 2*g = -2*o - 2 + 6, -o = 1. Let j(u) be the third derivative of 0*u - 2*u**2 + 0 + 1/6*u**3 - 1/60*u**5 + 5/24*u**4. What is j(g)?
7
Let b be 28/(-7)*(-2)/4. Let x(g) be the second derivative of -g**5/20 + g**4/12 + g**2/2 - 2*g. Determine x(b).
-3
Let b(c) = 7*c**3 + 13*c**2 + 12*c - 9. Let z(n) = -6*n**3 - 12*n**2 - 11*n + 8. Let t(k) = -5*b(k) - 6*z(k). What is t(-6)?
-3
Let t(o) be the first derivative of o**3/3 - 3*o**2 + o + 1. Let z(n) be the first derivative of t(n). Suppose 1 = 2*s - 7. Give z(s).
2
Let b(x) = -3*x + 7. Let g(d) = 9*d - 20. Let r(u) = -17*b(u) - 6*g(u). Suppose 3*z + 2*v + 2*v + 1 = 0, 4*z = 3*v - 18. What is r(z)?
10
Let m(a) = 3*a**2 - 5*a + 2. Let p(l) = -10*l**2 + 16*l - 6. Let q(x) = -7*m(x) - 2*p(x). What is q(2)?
0
Suppose b + 3*k - 16 = 0, 6 = 5*b + 4*k - 19. Let o(s) = -4*s**2 + 2*s - 1. Give o(b).
-3
Suppose -3*r + 5*k = 17, -2 = r - 2*k + 5. Let i(h) be the second derivative of -3*h**3/2 + h**2/2 - h. Determine i(r).
-8
Let b(i) be the second derivative of i**5/20 - i**4/6 + i**3/3 - 3*i**2/2 - 3*i. Calculate b(2).
1
Let b(v) = 0*v - 2 - 5*v + v**2 + v. Suppose 0 = 4*n + 5 - 21. Determine b(n).
-2
Suppose -5 = i - 2*i. Suppose 5 = -5*f + 5*u, -11 = -4*f + f - 4*u. Let c(m) = -1 + f - m - 2 + 1. Determine c(i).
-6
Let z(v) = 2*v**2 - 6*v + 1. Let g(n) = -2*n**2 + 5*n - 1. Let l(u) = -4*g(u) - 3*z(u). Let h = 61 - 63. Give l(h).
13
Let y(b) = -4 - 7 + 12 - b. Determine y(4).
-3
Let k(j) be the second derivative of -j**5/20 - j**4/3 + 7*j**3/6 + 3*j**2 + j. Suppose 0 = 2*b + 3*b + 25. Determine k(b).
-4
Let f(n) = n**2 - n + 8. Let d be f(0). Suppose d = 13*b - 11*b. Let p(c) = 6*c + 3 + c - 2*c - c**2. Calculate p(b).
7
Suppose 0 = r, -d - 5*r + 2 = -9*r. Let o(q) = -q**2 + 2 - 2*q - 3 + 4*q**2. What is o(d)?
7
Let v(c) be the second derivative of -c**5/24 - c**4/24 + 2*c**3/3 - c. Let q(o) be the second derivative of v(o). Calculate q(-1).
4
Let b(u) = -6 + 5*u + 30*u**2 - 23*u**2 - 7*u - u**3. Calculate b(7).
-20
Let z(b) = b**3 + 4*b**2 + 2*b - 3. Let r be (-33)/12 + 1/(-4) + 0. Determine z(r).
0
Let z(a) = a**3 + 5*a**2 + 3. Let u be z(-5). Let i(d) = 4*d + 9*d**u - 3*d**3 + d**3 - 3*d. Calculate i(1).
8
Suppose 4*d + 16 = -0*d. Let z(m) be the first derivative of m**4/4 + m**3 - 2*m**2 - m + 249. Calculate z(d).
-1
Suppose -2*u = 0, -2*a + 4*u + 8 = -0*a. Let d(r) = -2*r**3 - 8*r + 7. Let v(o) = 3*o**3 - o**2 + 9*o - 8. Let p(h) = a*d(h) + 3*v(h). Determine p(4).
0
Let m = 56 + -49. Let s(q) = q - 6. Give s(m).
1
Let k(z) = 5 + 2 + 8*z**2 - z**3 + 5 + 0*z - 2*z. Calculate k(8).
-4
Let q(n) = -7*n + 1. Let p(t) be the third derivative of t**4/6 - t**3/6 + 4*t**2. Let i(k) = -5*p(k) - 3*q(k). What is i(-2)?
0
Let n(h) = -5*h - 18 + 10 + 7. Suppose -3*k - 2 = -2*k. What is n(k)?
9
Let w = -8 - -13. Let h = -4 - -29. Suppose -5*p - h = w*q, -3*q - 13 = -2*p + 4*p. Let t(x) = -2*x - 3. Give t(q).
3
Let o(n) = -1 - n + 3 + 4*n - 5*n. Suppose 4*v = 0, 5*v + 5 = -3*j + 23. Determine o(j).
-10
Let r(y) be the first derivative of -y**2 - 1/3*y**3 + 3*y - 2 + 1/4*y**4. Give r(2).
3
Let p(h) be the third derivative of h**4/24 - h**3/6 + h**2. Suppose -5*t - 3 = -4*t, -58 = 4*g - 2*t. Let n be 3/2*g/6. Give p(n).
-5
Let s = 1 + -1. Suppose -18 = a + 5*w, -2*a - 3*w = 2*a + 4. Let c(z) = -z**3 + a*z**3 + 4 - 4*z**3 + z**2 - z + 2*z**3. What is c(s)?
4
Suppose -9*i + 11*i - 12 = 0. Let f(z) = z**2 - 5*z - 2. Determine f(i).
4
Let c(v) be the third derivative of -v**4/12 + v**3/6 + v**2. Let g = 0 - -2. Suppose -5*a + 3*b - 4 = g, 2*a = 2*b. Determine c(a).
7
Suppose -3*s - 13 = -58. Suppose -2*q = q - s, 0 = -2*w - q + 3. Let k(p) = 25*p - 3. Let d(n) = 13*n - 2. Let c(f) = 5*d(f) - 3*k(f). Determine c(w).
9
Let t(o) = o**2 + 8*o + 10. Let h be t(-7). Let j(y) = -h*y - y + y + 3*y**2. Let w be -1 + 3 + -3 + 3. Give j(w).
6
Suppose -4 = -4*n + 2*t, -2*n - 19 = -3*n - 4*t. Suppose f = a + 7, n*a + 3*f = 2*f - 13. Let h(z) = -z**3 - 6*z**2 - 3*z + 7. Calculate h(a).
-3
Let k(y) = -y**3 - 8*y**2 - y - 13. Let b be k(-8). Let u(l) = l**2 + 11*l + 8. Let v(h) = h**2 + 10*h + 7. Let w(m) = 5*u(m) - 6*v(m). Determine w(b).
-2
Let g = 0 + 4. Let b(j) = 1 - 3 - g - j - 1. Give b(-4).
-3
Let m(h) = 8 - 3*h - 2*h + 2*h + 2*h. Calculate m(5).
3
Let h(m) = -m**3 - 5*m**2 + m. Let c be h(-5). Let f(t) = 4*t + 5. Calculate f(c).
-15
Let u(y) = -3*y**3 - 6*y**2 - 5*y - 4. Let g(t) = 5*t**3 + 12*t**2 + 9*t + 7. Let p = 0 - 4. Let r(h) = p*g(h) - 7*u(h). What is r(6)?
-6
Suppose 0*p = p + 11. Let x(k) = -13*k + 21. Let f(c) = 7*c - 11. Let q(a) = p*f(a) - 6*x(a). Determine q(5).
0
Let k(u) be the third derivative of u**5/30 + u**4/24 + u**3/6 - 3*u**2. Let w be k(-1). Let s(l) = 0 - 6*l - w + l**2 + 7 + 1. What is s(4)?
-2
Let i(q) = q**3 + 3*q**2 - q - 3. Let v be (12/21)/(2/7). Suppose v*x = -3*x - 15. What is i(x)?
0
Let x(w) = w**2 - 2. Let r be x(0). Let u = r - 0. Let k(j) = 3*j + 1. Give k(u).
-5
Suppose 2*f - 5*t + 2 = 0, -3*f + 2*t = -1 - 7. Let o(p) = -p**3 + 4*p**2 + 3*p - 2. Give o(f).
10
Let g = 2 - 1. Suppose -5*d = -5*k + 25, 8*k - 3*k - 25 = d. Let s(w) = 9*w**3 + 0*w**2 + 1 + d*w**2. Calculate s(g).
10
Let v(q) be the second derivative of -q**5/20 + 7*q**4/12 + 3*q**3/2 - 4*q**2 - 9*q. Calculate v(8).
0
Let k(l) = l**2 - 2*l. Let h be k(1). Let o be h/4 - 3/4. Let u(r) = 2*r**2 - 2*r - 1. Give u(o).
3
Let t(u) be the second derivative of u**8/6720 - u**7/2520 + u**6/720 - u**4/6 + u. Let b(c) be the third derivative of t(c). Let p = -29 - -30. Determine b(p).
1
Let u(d) = -d**2 + 3*d + 1. Let n be u(4). Let q be (6/4)/((-6)/(-8)). Let y(k) = -q*k**2 - 3 + 2*k - k**3 + 0*k**2 - 1. What is y(n)?
-1
Let l(q) = -3 - 9*q**3 + 10*q**3 + 1 + 0. Give l(2).
6
Let x(h) = h**3 + 4*h**2 + 2*h + 1. Let q(u) = u**3 - 4*u**2 - 5*u - 3. Let y be q(5). Determine x(y).
4
Suppose x = -0*x + 6. Let t = 11 - x. Let d(w) = 3*w - w**2 + w + t + 0*w**2. Calculate d(4).
5
Let z(t) = -3*t**2 + t - 1. Suppose -4*w + 2 = -2. Calculate z(w).
-3
Let d(j) = -j**2 + 7*j + 2*j**2 - 4 + 6. Let u = -15 + 9. What is d(u)?
-4
Let y(z) = z**3 + 3*z**2 - 3*z + 5. Suppose -2*h - 1 = -5. Suppose 0*a + 4*l = -h*a - 52, a - 3*l + 11 = 0. Let w be a/6*(-18)/(-15). Give y(w).
1
Let p(q) = -q - 2. Let a be p(0). Let j(s) be the third derivative of s**4/6 - 5*s**2. Determine j(a).
-8
Let r(k) = 7*k - 3. Let a(s) = 16*s - 12. Let c(v) = v - 1. Let n(w) = -a(w) + 8*c(w). Let l(x) = 2*n(x) + 3*r(x). Calculate l(1).
4
Let h(i) = 5*i - i**2 - 129 + 0*i**2 + 124. Calculate h(5).
-5
Let c(m) = -54 + 30 + 14 - m + 22. Calculate c(0).
12
Let r(z) = z**2 - 8*z + 2. Let o(x) = 3*x**2 - 23*x + 5. Let a(y) = 6*o(y) - 17*r(y). Determine a(4).
4
Let t be -6*(-3)/(12/2). Let l(m) = 8*m - 3. Calculate l(t).
21
Let h(s) be the first derivative of -1/2*s**2 + 0*s + 0*s**3 + 1/2*s**4 - 1. Let z(u) = -u**3 + 13*u**2 - u + 12. Let p be z(13). Determine h(p).
-1
Let p(d) = d**3 - 2*d**2 - 2*d + 2. Let g(c) = c + 5. Suppose -9 = z + 2*z. Let u be g(z). Give p(u).
-2
Let m(x) = 2*x + 2. Suppose 4*y - 18 = y. Let g be ((-8)/y)/(2/